 7979?
True
Is 36946 a multiple of 31?
False
Is 1083 a multiple of 29?
False
Is 16 a factor of 16896?
True
Is 1188 a multiple of 9?
True
Is 11 a factor of 34397?
True
Is 1382 a multiple of 2?
True
Does 41 divide 3507?
False
Is 134 a multiple of 7?
False
Is 83 a factor of 830?
True
Does 48 divide 960?
True
Is 5 a factor of 340?
True
Is 210 a multiple of 42?
True
Is 26 a factor of 2522?
True
Does 17 divide 9265?
True
Is 6 a factor of 78?
True
Is 6 a factor of 894?
True
Is 60078 a multiple of 31?
True
Is 106 a factor of 21579?
False
Is 14 a factor of 266?
True
Does 47 divide 8116?
False
Is 41860 a multiple of 16?
False
Does 51 divide 5077?
False
Is 1199 a multiple of 12?
False
Is 3808 a multiple of 34?
True
Does 19 divide 19?
True
Does 13 divide 38155?
True
Is 26 a factor of 17690?
False
Does 64 divide 26445?
False
Does 8 divide 534?
False
Does 11 divide 5719?
False
Is 924 a multiple of 84?
True
Is 14 a factor of 31876?
False
Is 179 a multiple of 31?
False
Is 3 a factor of 234?
True
Does 5 divide 32654?
False
Is 54 a factor of 810?
True
Does 71 divide 6532?
True
Is 127 a multiple of 15?
False
Is 7 a factor of 413?
True
Is 105 a factor of 4566?
False
Does 25 divide 475?
True
Does 150 divide 15600?
True
Does 40 divide 720?
True
Does 241 divide 2700?
False
Is 3029 a multiple of 23?
False
Does 11 divide 113?
False
Is 39 a factor of 620?
False
Is 2651 a multiple of 26?
False
Is 8 a factor of 7656?
True
Is 3578 a multiple of 3?
False
Is 2499 a multiple of 17?
True
Is 5827 a multiple of 150?
False
Is 16 a factor of 55232?
True
Is 1652 a multiple of 14?
True
Does 9 divide 15322?
False
Is 142 a factor of 15167?
False
Does 35 divide 1295?
True
Is 17206 a multiple of 7?
True
Is 16390 a multiple of 298?
True
Is 29 a factor of 18147?
False
Is 82 a factor of 9746?
False
Is 133 a factor of 1995?
True
Is 932 a multiple of 102?
False
Is 3 a factor of 629?
False
Does 14 divide 7761?
False
Does 18 divide 2484?
True
Is 52 a factor of 704?
False
Is 10 a factor of 1050?
True
Does 25 divide 750?
True
Does 26 divide 260?
True
Is 32 a factor of 2203?
False
Does 96 divide 1642?
False
Is 2713 a multiple of 32?
False
Is 99 a factor of 109692?
True
Is 1189 a multiple of 29?
True
Is 825 a multiple of 40?
False
Is 47860 a multiple of 17?
False
Is 9277 a multiple of 166?
False
Is 21 a factor of 511?
False
Is 759 a multiple of 33?
True
Is 2698 a multiple of 57?
False
Is 35 a factor of 26040?
True
Is 17 a factor of 1796?
False
Does 14 divide 1260?
True
Is 92 a factor of 49496?
True
Does 75 divide 3286?
False
Is 29 a factor of 6409?
True
Does 230 divide 11270?
True
Is 4318 a multiple of 6?
False
Does 36 divide 413?
False
Does 8 divide 1073?
False
Is 1324 a multiple of 83?
False
Is 23 a factor of 414?
True
Is 5637 a multiple of 9?
False
Is 30 a multiple of 4?
False
Does 3 divide 4942?
False
Is 11837 a multiple of 15?
False
Is 13 a factor of 8582?
False
Does 27 divide 702?
True
Does 89 divide 51887?
True
Is 10 a factor of 1372?
False
Does 5 divide 243?
False
Is 66 a factor of 3366?
True
Is 4055 a multiple of 50?
False
Does 35 divide 6220?
False
Is 35 a factor of 13510?
True
Does 6 divide 755?
False
Is 4 a factor of 1144?
True
Does 19 divide 38?
True
Does 5 divide 5375?
True
Is 3142 a multiple of 4?
False
Is 628 a multiple of 22?
False
Does 11 divide 34673?
False
Is 4828 a multiple of 17?
True
Is 7 a factor of 1883?
True
Is 4330 a multiple of 5?
True
Does 13 divide 4758?
True
Is 15 a factor of 12609?
False
Does 10 divide 2830?
True
Does 5 divide 903?
False
Does 49 divide 3204?
False
Does 3 divide 90?
True
Is 3806 a multiple of 28?
False
Does 222 divide 87690?
True
Is 25034 a multiple of 16?
False
Does 146 divide 20294?
True
Is 1911 a multiple of 66?
False
Is 22678 a multiple of 29?
True
Is 181 a factor of 905?
True
Does 80 divide 38352?
False
Is 666 a multiple of 37?
True
Is 14637 a multiple of 13?
False
Does 34 divide 4522?
True
Does 80 divide 6750?
False
Is 23 a factor of 322?
True
Is 600 a multiple of 12?
True
Is 15 a factor of 1511?
False
Is 14454 a multiple of 119?
False
Is 8400 a multiple of 56?
True
Is 10 a factor of 9410?
True
Does 14 divide 1498?
True
Does 93 divide 60264?
True
Does 183 divide 34770?
True
Is 146 a factor of 5256?
True
Is 35304 a multiple of 216?
False
Is 72 a factor of 4374?
False
Is 14 a factor of 210?
True
Is 30 a multiple of 6?
True
Is 7 a factor of 1711?
False
Does 12 divide 40?
False
Is 153780 a multiple of 60?
True
Does 68 divide 76772?
True
Does 65 divide 3770?
True
Is 10 a factor of 68184?
False
Is 64591 a multiple of 12?
False
Is 23 a factor of 11247?
True
Does 4 divide 5575?
False
Does 7 divide 500?
False
Is 8 a factor of 1422?
False
Does 8 divide 237?
False
Is 221 a factor of 9374?
False
Is 105705 a multiple of 29?
True
Is 46762 a multiple of 227?
True
Is 30 a factor of 1650?
True
Does 66 divide 2706?
True
Is 17849 a multiple of 7?
False
Is 2093 a multiple of 63?
False
Is 1058 a multiple of 46?
True
Is 15 a factor of 38994?
False
Is 36131 a multiple of 200?
False
Is 12 a factor of 20315?
False
Is 5092 a multiple of 268?
True
Is 164 a factor of 9230?
False
Is 8 a factor of 18112?
True
Is 14994 a multiple of 134?
False
Is 19 a factor of 14096?
False
Does 35 divide 997?
False
Is 1360 a multiple of 17?
True
Does 52 divide 104?
True
Is 27 a factor of 162?
True
Does 17 divide 1667?
False
Does 5 divide 2365?
True
Is 38 a factor of 11323?
False
Does 11 divide 198?
True
Does 22 divide 871?
False
Does 30 divide 10374?
False
Is 12 a factor of 12521?
False
Is 6 a factor of 3390?
True
Is 200 a factor of 67600?
True
Is 441 a multiple of 63?
True
Is 3783 a multiple of 13?
True
Is 1155 a multiple of 11?
True
Does 33 divide 3633?
False
Is 2643 a multiple of 54?
False
Is 3432 a multiple of 11?
True
Is 1404 a multiple of 7?
False
Is 4 a factor of 140?
True
Does 21 divide 61?
False
Is 25 a factor of 74?
False
Is 404 a multiple of 17?
False
Is 14 a factor of 1050?
True
Is 1064 a multiple of 152?
True
Is 11 a factor of 351?
False
Does 38 divide 28690?
True
Is 55 a factor of 3437?
False
Is 261 a multiple of 6?
False
Is 1800 a multiple of 72?
True
Is 12 a factor of 804?
True
Is 1300 a multiple of 52?
True
Does 4 divide 320?
True
Does 18 divide 1414?
False
Is 21 a factor of 810?
False
Does 10 divide 53?
False
Is 108 a multiple of 12?
True
Does 3 divide 423?
True
Does 39 divide 2185?
False
Is 8 a factor of 328?
True
Is 1921 a multiple of 99?
False
Is 4 a factor of 80?
True
Is 4352 a multiple of 136?
True
Is 11 a factor of 1251?
False
Does 81 divide 1134?
True
Is 2300 a multiple of 23?
True
Is 23792 a multiple of 57?
False
Is 8 a factor of 832?
True
Is 17380 a multiple of 79?
True
Does 93 divide 14787?
True
Is 4900 a multiple of 50?
True
Is 17 a multiple of 2?
False
Is 420 a multiple of 15?
True
Does 28 divide 616?
True
Is 10 a factor of 4190?
True
Is 34176 a multiple of 16?
True
Is 1254 a multiple of 66?
True
Is 5987 a multiple of 15?
False
Is 2223 a multiple of 30?
False
Is 194 a factor of 5317?
False
Does 66 divide 1119?
False
Is 355 a multiple of 8?
False
Is 84 a factor of 22276?
False
Is 3292 a multiple of 31?
False
Is 2778 a multiple of 6?
True
Does 12 divide 1685?
False
Is 25346 a multiple of 18?
False
Is 11 a factor of 24365?
True
Is 920 a multiple of 20?
True
Is 1067 a multiple of 65?
False
Is 4 a factor of 3879?
False
Is 32 a factor of 21152?
True
Is 6 a factor of 600?
True
Is 35795 a multiple of 2?
False
Is 15 a multiple of 3?
True
Is 5 a factor of 25908?
False
Is 267 even?
False
Is 7 a factor of 13342?
True
Is 952 a multiple of 35?
False
Is 23 a factor of 7429?
True
Is 127 a multiple of 3?
False
Is 32 a factor of 672?
True
Is 57 a factor of 234?
False
Is 4651 a multiple of 21?
False
Does 4 divide 80?
True
Is 13 a factor of 3315?
True
Is 457 a multiple of 11?
False
Is 169 a multiple of 8?
False
Does 22 divide 638?
True
Does 19 divide 2337?
True
Does 28 divide 6705?
False
Is 2235 a multiple of 12?
False
Is 74 a multiple of 37?
True
Is 8 a factor of 7240?
True
Is 12071 a multiple of 119?
False
Does 4 divide 28?
True
Does 4 divide 24?
True
Is 18 a factor of 872?
False
Is 12 a factor of 9248?
False
Does 84 divide 1230?
False
Is 6 a factor of 5743?
False
Is 112 a multiple of 14?
True
Does 156 divide 13728?
True
Is 604 a multiple of 18?
False
Is 13 a factor of 715